eatest common divisor of 3740049 and 4023?
1341
Calculate the greatest common divisor of 1140 and 72870.
30
What is the highest common divisor of 84 and 19002?
6
Calculate the highest common factor of 390 and 2311101.
39
Calculate the greatest common factor of 2864610 and 21.
21
What is the highest common factor of 309 and 42333?
309
What is the greatest common factor of 1214892 and 3?
3
Calculate the greatest common factor of 273 and 3341.
13
Calculate the highest common divisor of 16269 and 41673.
87
What is the highest common divisor of 1011513 and 2316?
579
What is the greatest common divisor of 50717 and 8659?
1237
What is the greatest common divisor of 239903 and 889?
127
What is the highest common divisor of 650 and 1090?
10
Calculate the highest common factor of 81920 and 20.
20
What is the greatest common factor of 1121 and 2280?
19
What is the highest common divisor of 54 and 4467690?
54
Calculate the greatest common factor of 57 and 256899.
57
What is the highest common divisor of 46 and 682?
2
Calculate the greatest common factor of 950 and 3122650.
950
What is the highest common divisor of 8912 and 367063?
557
Calculate the greatest common divisor of 268 and 22.
2
Calculate the highest common divisor of 19 and 690232.
19
Calculate the highest common divisor of 72252 and 486.
162
Calculate the highest common factor of 462 and 100128.
42
Calculate the highest common divisor of 4772417 and 1079.
1079
What is the greatest common divisor of 454 and 145507?
227
Calculate the highest common factor of 810 and 15360.
30
Calculate the highest common factor of 421722 and 36.
18
Calculate the greatest common divisor of 3400 and 160.
40
Calculate the greatest common factor of 36045 and 4450.
445
Calculate the greatest common divisor of 1171898 and 3666.
1222
Calculate the highest common factor of 109275 and 2697.
93
What is the highest common divisor of 10 and 12365?
5
Calculate the highest common divisor of 6235 and 5.
5
Calculate the greatest common factor of 342 and 90.
18
Calculate the highest common factor of 180 and 791380.
20
Calculate the greatest common factor of 684114 and 228.
114
What is the highest common factor of 521000 and 2250?
250
Calculate the highest common divisor of 708 and 1478363.
59
What is the highest common factor of 5500 and 3050?
50
Calculate the highest common factor of 381 and 145161.
381
Calculate the greatest common factor of 55480 and 12483.
1387
Calculate the greatest common divisor of 31956 and 804.
12
Calculate the highest common divisor of 74 and 2757277.
37
Calculate the greatest common divisor of 13358 and 2.
2
Calculate the greatest common factor of 18 and 461478.
6
Calculate the greatest common divisor of 186 and 254262.
186
What is the greatest common factor of 1410 and 42535?
235
Calculate the greatest common divisor of 612 and 4644.
36
Calculate the greatest common factor of 3456 and 8320.
128
What is the highest common divisor of 828236 and 316?
316
What is the highest common divisor of 311724 and 42?
42
What is the highest common divisor of 632 and 33101?
79
What is the highest common factor of 121 and 7260?
121
Calculate the highest common factor of 98555 and 299.
23
Calculate the highest common factor of 1434 and 78.
6
Calculate the highest common divisor of 286618 and 3892.
278
What is the greatest common divisor of 5053141 and 284?
71
What is the highest common factor of 290 and 856300?
10
Calculate the highest common factor of 196 and 1069033.
49
What is the greatest common factor of 1372855 and 110?
55
Calculate the highest common factor of 73780 and 629.
17
Calculate the highest common divisor of 15 and 105460.
5
What is the greatest common factor of 24 and 303816?
24
What is the greatest common divisor of 47918 and 26?
26
Calculate the greatest common divisor of 62 and 2151059.
31
Calculate the highest common factor of 57424 and 485.
97
Calculate the highest common divisor of 2403 and 32663.
89
What is the greatest common divisor of 2752 and 118112?
32
Calculate the highest common factor of 2432 and 133.
19
What is the highest common factor of 14754 and 30?
6
What is the highest common divisor of 9730 and 100?
10
What is the greatest common factor of 15702456 and 1218?
1218
What is the highest common divisor of 4797 and 46800?
117
What is the greatest common divisor of 34 and 734060?
34
Calculate the highest common divisor of 8246 and 3458.
266
Calculate the greatest common divisor of 8580 and 1298.
22
Calculate the highest common factor of 90491 and 17.
17
What is the highest common divisor of 78416 and 4408?
232
What is the highest common factor of 630 and 10430?
70
What is the greatest common factor of 128 and 16896?
128
What is the highest common divisor of 30020 and 63080?
380
Calculate the greatest common factor of 7134 and 870.
174
What is the highest common factor of 52 and 338?
26
What is the highest common divisor of 165092 and 745?
149
What is the greatest common divisor of 5089 and 161?
7
Calculate the greatest common factor of 170056 and 464.
232
What is the greatest common divisor of 154 and 19936?
14
Calculate the highest common divisor of 448 and 15694.
14
What is the highest common factor of 905 and 63531?
181
Calculate the greatest common factor of 22088 and 704.
88
Calculate the highest common divisor of 960650 and 350.
50
Calculate the greatest common factor of 11 and 67463.
11
What is the highest common factor of 585 and 1638?
117
Calculate the greatest common divisor of 2597757 and 948.
237
Calculate the highest common factor of 322 and 3634.
46
What is the greatest common divisor of 564 and 8084?
188
Calculate the highest common factor of 46 and 110699.
23
Calculate the highest common factor of 3434 and 6.
2
Calculate the greatest common divisor of 1064 and 14231.
133
What is the greatest common divisor of 47 and 590978?
47
Calculate the greatest common divisor of 159 and 795.
159
What is the highest common divisor of 268 and 528295?
67
Calculate the highest common divisor of 1266 and 99592.
422
What is the highest common factor of 13604 and 2327?
179
Calculate the highest common factor of 75 and 832775.
25
What is the greatest common divisor of 537 and 76612?
179
Calculate the highest common divisor of 70384 and 7632.
848
What is the greatest common divisor of 202224 and 11?
11
What is the highest common divisor of 186 and 3979842?
186
Calculate the greatest common divisor of 12 and 54623.
1
Calculate the highest common divisor of 27038 and 88.
22
Calculate the highest common divisor of 153 and 8649.
9
What is the greatest common divisor of 49 and 99813?
49
What is the highest common divisor of 171860 and 2080?
260
What is the highest common factor of 1071 and 6681?
51
What is the greatest common factor of 652 and 3660980?
652
What is the highest common factor of 799342 and 276?
46
Calculate the greatest common divisor of 36110 and 4370.
230
Calculate the greatest common divisor of 136 and 1892542.
34
Calculate the greatest common factor of 515 and 2781.
103
Calculate the highest common divisor of 11 and 50985.
11
Calculate the greatest common divisor of 104 and 79742.
26
Calculate the greatest common factor of 17375 and 375.
125
What is the greatest common divisor of 5093 and 1042676?
463
What is the highest common factor of 67849 and 266?
19
What is the greatest common factor of 13 and 488449?
13
Calculate the highest common divisor of 5904 and 384.
48
What is the highest common divisor of 15 and 1185645?
15
Calculate the highest common factor of 4474413 and 9.
9
Calculate the greatest common factor of 274135 and 218.
109
Calculate the highest common factor of 24236 and 1606.
146
What is the highest common factor of 1956 and 391689?
489
What is the highest common divisor of 6700 and 1000?
100
What is the greatest common factor of 986 and 2376753?
493
What is the highest common factor of 45643 and 13?
13
Calculate the greatest common divisor of 1425 and 3533050.
475
What is the greatest common divisor of 376 and 210278?
94
Calculate the highest common factor of 47236 and 931.
49
Calculate the highest common divisor of 39988 and 130.
26
What is the highest common divisor of 236210 and 474?
158
Calculate the highest common factor of 12 and 2634.
6
Calculate the 